{"id":16,"date":"2025-08-14T12:46:44","date_gmt":"2025-08-14T12:46:44","guid":{"rendered":"https:\/\/provenceliveprod.fr\/?page_id=16"},"modified":"2025-08-16T15:38:15","modified_gmt":"2025-08-16T15:38:15","slug":"catalogue","status":"publish","type":"page","link":"https:\/\/provenceliveprod.fr\/?page_id=16","title":{"rendered":"Catalogue"},"content":{"rendered":"\n<div class=\"wp-block-uagb-container uagb-block-b6c6af1c alignfull uagb-is-root-container\"><div class=\"uagb-container-inner-blocks-wrap\">\n<div class=\"wp-block-uagb-advanced-heading uagb-block-323b3e55\"><div class=\"uagb-separator\"><\/div><h1 class=\"uagb-heading-text\">Notre Catalogue<\/h1><p class=\"uagb-desc-text\">D\u00e9couvrez une partie de nos artistes et spectacles bas\u00e9s en Provence.<\/p><\/div>\n<\/div><\/div>\n\n\n\n<div class=\"wp-block-uagb-container uagb-layout-grid uagb-block-jzmsdmx1 alignfull uagb-is-root-container\"><div class=\"uagb-container-inner-blocks-wrap\">\n<div class=\"wp-block-uagb-container uagb-block-lndcb3zp\">\n<div class=\"wp-block-uagb-container uagb-block-6upycxad\">\n<div class=\"wp-block-uagb-image uagb-block-gcia0mug wp-block-uagb-image--layout-default wp-block-uagb-image--effect-static wp-block-uagb-image--align-none\"><figure class=\"wp-block-uagb-image__figure\"><img decoding=\"async\" srcset=\"https:\/\/provenceliveprod.fr\/wp-content\/uploads\/2025\/08\/steve-1024x737.jpg ,https:\/\/provenceliveprod.fr\/wp-content\/uploads\/2025\/08\/steve.jpg 780w, https:\/\/provenceliveprod.fr\/wp-content\/uploads\/2025\/08\/steve.jpg 360w\" sizes=\"auto, (max-width: 480px) 150px\" src=\"https:\/\/provenceliveprod.fr\/wp-content\/uploads\/2025\/08\/steve-1024x737.jpg\" alt=\"steve\" class=\"uag-image-390\" width=\"282\" height=\"376\" title=\"steve\" loading=\"lazy\" role=\"img\"\/><\/figure><\/div>\n\n\n\n<div class=\"wp-block-uagb-info-box uagb-block-s2izpbo0 uagb-infobox__content-wrap  uagb-infobox-icon-above-title uagb-infobox-image-valign-top\"><div class=\"uagb-ifb-content\"><div class=\"uagb-ifb-title-wrap\"><h3 class=\"uagb-ifb-title\">Steve Lewis <br>Animations<\/h3><\/div><p class=\"uagb-ifb-desc\">Seul ou accompagn\u00e9 de chanteur\/chanteuses et danseuses, Steve aura la formule id\u00e9ale pour vous faire paser une bonne soir\u00e9e, du karaoke au spectacle premium.<br><br><\/p><\/div><\/div>\n\n\n\n<div class=\"wp-block-buttons is-layout-flex wp-block-buttons-is-layout-flex\">\n<div class=\"wp-block-button\"><a class=\"wp-block-button__link wp-element-button\">Plaquette de Steve Lewis Animations<\/a><\/div>\n<\/div>\n<\/div>\n\n\n\n<div class=\"wp-block-uagb-container uagb-block-gxbw2hoo\">\n<div class=\"wp-block-uagb-image uagb-block-joykieaf wp-block-uagb-image--layout-default wp-block-uagb-image--effect-static wp-block-uagb-image--align-none\"><figure class=\"wp-block-uagb-image__figure\"><img loading=\"lazy\" decoding=\"async\" srcset=\"https:\/\/provenceliveprod.fr\/wp-content\/uploads\/2025\/08\/orchestre_caroline_romance-removebg-preview11-238x300.png ,http:\/\/provenceliveprod.fr\/wp-content\/uploads\/2025\/08\/orchestre_caroline_romance-removebg-preview11.png 780w, http:\/\/provenceliveprod.fr\/wp-content\/uploads\/2025\/08\/orchestre_caroline_romance-removebg-preview11.png 360w\" sizes=\"auto, (max-width: 480px) 150px\" src=\"https:\/\/provenceliveprod.fr\/wp-content\/uploads\/2025\/08\/orchestre_caroline_romance-removebg-preview11-238x300.png\" alt=\"orchestre caroline romance removebg preview(1)(1)\" class=\"uag-image-393\" width=\"238\" height=\"300\" title=\"orchestre caroline romance removebg preview(1)(1)\" role=\"img\"\/><\/figure><\/div>\n\n\n\n<div class=\"wp-block-uagb-info-box uagb-block-vgpr6obs uagb-infobox__content-wrap  uagb-infobox-icon-above-title uagb-infobox-image-valign-top\"><div class=\"uagb-ifb-content\"><div class=\"uagb-ifb-title-wrap\"><h3 class=\"uagb-ifb-title\">Orchestre <br>Caroline Romance<\/h3><\/div><p class=\"uagb-ifb-desc\">Caroline accompagn\u00e9e de ses musiciens propose diff\u00e9rentes formes de prestations : th\u00e9 dansant, soir\u00e9es \u00e0 th\u00e8me, guinguette, ann\u00e9es 80, etc<\/p><\/div><\/div>\n<\/div>\n\n\n\n<div class=\"wp-block-uagb-container uagb-block-zxfpopxx\">\n<div class=\"wp-block-uagb-image aligncenter uagb-block-iwzhx4cq wp-block-uagb-image--layout-default wp-block-uagb-image--effect-static wp-block-uagb-image--align-center\"><figure class=\"wp-block-uagb-image__figure\"><img decoding=\"async\" srcset=\"https:\/\/provenceliveprod.fr\/wp-content\/uploads\/2025\/08\/20240830_203818-1024x507.jpg ,https:\/\/provenceliveprod.fr\/wp-content\/uploads\/2025\/08\/20240830_203818-scaled.jpg 780w, https:\/\/provenceliveprod.fr\/wp-content\/uploads\/2025\/08\/20240830_203818-scaled.jpg 360w\" sizes=\"auto, (max-width: 480px) 150px\" src=\"https:\/\/provenceliveprod.fr\/wp-content\/uploads\/2025\/08\/20240830_203818-1024x507.jpg\" alt=\"\" class=\"uag-image-403\" width=\"314\" height=\"376\" title=\"\" loading=\"lazy\" role=\"presentation\"\/><\/figure><\/div>\n\n\n\n<div class=\"wp-block-uagb-info-box uagb-block-qjjvdlno uagb-infobox__content-wrap  uagb-infobox-icon-above-title uagb-infobox-image-valign-top\"><div class=\"uagb-ifb-content\"><div class=\"uagb-ifb-title-wrap\"><h3 class=\"uagb-ifb-title\">AVDC<br>A Vous De Chanter<\/h3><\/div><p class=\"uagb-ifb-desc\">Le plus grand karaoke-concert du Sud de la France est la prestation  musicale id\u00e9ale pour les organisateurs \u00e0 la recherche d&rsquo;originalit\u00e9, <\/p><\/div><\/div>\n<\/div>\n\n\n\n<div class=\"wp-block-uagb-container uagb-block-uxtbkjbs\">\n<div class=\"wp-block-uagb-image uagb-block-i4nhnafq wp-block-uagb-image--layout-default wp-block-uagb-image--effect-static wp-block-uagb-image--align-none\"><figure class=\"wp-block-uagb-image__figure\"><img decoding=\"async\" srcset=\"https:\/\/provenceliveprod.fr\/wp-content\/uploads\/2025\/08\/audio-microphone-bokeh-lights-1851517-1024x682.jpg ,https:\/\/provenceliveprod.fr\/wp-content\/uploads\/2025\/08\/audio-microphone-bokeh-lights-1851517.jpg 780w, https:\/\/provenceliveprod.fr\/wp-content\/uploads\/2025\/08\/audio-microphone-bokeh-lights-1851517.jpg 360w\" sizes=\"auto, (max-width: 480px) 150px\" src=\"https:\/\/provenceliveprod.fr\/wp-content\/uploads\/2025\/08\/audio-microphone-bokeh-lights-1851517-1024x682.jpg\" alt=\"audio, microphone, bokeh lights, stage lights, bright, close up, karaoke, lights, mic, music, audio equipment, microphone, microphone, karaoke, music, music, music, music, music\" class=\"uag-image-312\" width=\"282\" height=\"376\" title=\"audio-microphone-bokeh-lights-1851517\" loading=\"lazy\" role=\"img\"\/><\/figure><\/div>\n\n\n\n<div class=\"wp-block-uagb-info-box uagb-block-ocgb3vyk uagb-infobox__content-wrap  uagb-infobox-icon-above-title uagb-infobox-image-valign-top\"><div class=\"uagb-ifb-content\"><div class=\"uagb-ifb-title-wrap\"><h3 class=\"uagb-ifb-title\">Et si vous \u00e9tiez le prochain artiste \u00e0 rejoindre notre aventure ?<\/h3><\/div><\/div><\/div>\n<\/div>\n<\/div>\n<\/div><\/div>\n\n\n\n<div class=\"wp-block-uagb-container uagb-layout-grid uagb-block-808eb0c8 alignfull uagb-is-root-container\"><div class=\"uagb-container-inner-blocks-wrap\">\n<div class=\"wp-block-uagb-advanced-heading uagb-block-a5d004a0\"><div class=\"uagb-separator\"><\/div><h2 class=\"uagb-heading-text\">Provence Live Prod en quelques chiffres<\/h2><\/div>\n\n\n\n<div class=\"wp-block-uagb-container uagb-block-5ebf0f0b\">\n<div class=\"wp-block-uagb-container uagb-layout-grid uagb-block-269e0cd4\">\n<div class=\"wp-block-uagb-advanced-heading uagb-block-cb3ed0f0\"><h3 class=\"uagb-heading-text\"> 2024<\/h3><div class=\"uagb-separator\"><\/div><p class=\"uagb-desc-text\">Ann\u00e9e de lancement de Provence Live Prod face au constat que les artistes des Alpes-de-Haute-Provence avaient pas\/peu de structures pour les accompagner dans leur production<\/p><\/div>\n\n\n\n<div class=\"wp-block-uagb-advanced-heading uagb-block-2f3e1b82\"><h3 class=\"uagb-heading-text\">PLATESV-D-2024-005143<\/h3><div class=\"uagb-separator\"><\/div><p class=\"uagb-desc-text\">Notre num\u00e9ro de la licence de spectacle d&rsquo;entrepreneur de spectacle vivant <\/p><\/div>\n<\/div>\n<\/div>\n<\/div><\/div>\n\n\n\n<div class=\"wp-block-uagb-container uagb-block-c584b42a default uagb-is-root-container\"><\/div>\n","protected":false},"excerpt":{"rendered":"<p>Notre Catalogue D\u00e9couvrez une partie de nos artistes et spectacles bas\u00e9s en Provence. Provence Live Prod en quelques chiffres 2024 [&hellip;]<\/p>\n","protected":false},"author":4,"featured_media":0,"parent":0,"menu_order":0,"comment_status":"closed","ping_status":"closed","template":"","meta":{"_uag_custom_page_level_css":"","site-sidebar-layout":"default","site-content-layout":"","ast-site-content-layout":"default","site-content-style":"default","site-sidebar-style":"default","ast-global-header-display":"","ast-banner-title-visibility":"","ast-main-header-display":"","ast-hfb-above-header-display":"","ast-hfb-below-header-display":"","ast-hfb-mobile-header-display":"","site-post-title":"disabled","ast-breadcrumbs-content":"","ast-featured-img":"","footer-sml-layout":"","ast-disable-related-posts":"","theme-transparent-header-meta":"","adv-header-id-meta":"","stick-header-meta":"","header-above-stick-meta":"","header-main-stick-meta":"","header-below-stick-meta":"","astra-migrate-meta-layouts":"default","ast-page-background-enabled":"default","ast-page-background-meta":{"desktop":{"background-color":"var(--ast-global-color-4)","background-image":"","background-repeat":"repeat","background-position":"center center","background-size":"auto","background-attachment":"scroll","background-type":"","background-media":"","overlay-type":"","overlay-color":"","overlay-opacity":"","overlay-gradient":""},"tablet":{"background-color":"","background-image":"","background-repeat":"repeat","background-position":"center center","background-size":"auto","background-attachment":"scroll","background-type":"","background-media":"","overlay-type":"","overlay-color":"","overlay-opacity":"","overlay-gradient":""},"mobile":{"background-color":"","background-image":"","background-repeat":"repeat","background-position":"center center","background-size":"auto","background-attachment":"scroll","background-type":"","background-media":"","overlay-type":"","overlay-color":"","overlay-opacity":"","overlay-gradient":""}},"ast-content-background-meta":{"desktop":{"background-color":"var(--ast-global-color-5)","background-image":"","background-repeat":"repeat","background-position":"center center","background-size":"auto","background-attachment":"scroll","background-type":"","background-media":"","overlay-type":"","overlay-color":"","overlay-opacity":"","overlay-gradient":""},"tablet":{"background-color":"var(--ast-global-color-5)","background-image":"","background-repeat":"repeat","background-position":"center center","background-size":"auto","background-attachment":"scroll","background-type":"","background-media":"","overlay-type":"","overlay-color":"","overlay-opacity":"","overlay-gradient":""},"mobile":{"background-color":"var(--ast-global-color-5)","background-image":"","background-repeat":"repeat","background-position":"center center","background-size":"auto","background-attachment":"scroll","background-type":"","background-media":"","overlay-type":"","overlay-color":"","overlay-opacity":"","overlay-gradient":""}},"footnotes":""},"class_list":["post-16","page","type-page","status-publish","hentry"],"uagb_featured_image_src":{"full":false,"thumbnail":false,"medium":false,"medium_large":false,"large":false,"1536x1536":false,"2048x2048":false},"uagb_author_info":{"display_name":"aurelie gomme","author_link":"https:\/\/provenceliveprod.fr\/?author=4"},"uagb_comment_info":0,"uagb_excerpt":"Notre Catalogue D\u00e9couvrez une partie de nos artistes et spectacles bas\u00e9s en Provence. Provence Live Prod en quelques chiffres 2024 [&hellip;]","_links":{"self":[{"href":"https:\/\/provenceliveprod.fr\/index.php?rest_route=\/wp\/v2\/pages\/16","targetHints":{"allow":["GET"]}}],"collection":[{"href":"https:\/\/provenceliveprod.fr\/index.php?rest_route=\/wp\/v2\/pages"}],"about":[{"href":"https:\/\/provenceliveprod.fr\/index.php?rest_route=\/wp\/v2\/types\/page"}],"author":[{"embeddable":true,"href":"https:\/\/provenceliveprod.fr\/index.php?rest_route=\/wp\/v2\/users\/4"}],"replies":[{"embeddable":true,"href":"https:\/\/provenceliveprod.fr\/index.php?rest_route=%2Fwp%2Fv2%2Fcomments&post=16"}],"version-history":[{"count":10,"href":"https:\/\/provenceliveprod.fr\/index.php?rest_route=\/wp\/v2\/pages\/16\/revisions"}],"predecessor-version":[{"id":416,"href":"https:\/\/provenceliveprod.fr\/index.php?rest_route=\/wp\/v2\/pages\/16\/revisions\/416"}],"wp:attachment":[{"href":"https:\/\/provenceliveprod.fr\/index.php?rest_route=%2Fwp%2Fv2%2Fmedia&parent=16"}],"curies":[{"name":"wp","href":"https:\/\/api.w.org\/{rel}","templated":true}]}}